{"id":36061,"date":"2024-11-19T17:20:21","date_gmt":"2024-11-19T16:20:21","guid":{"rendered":"https:\/\/www.montania-sport.com\/blog\/?page_id=36061"},"modified":"2025-11-20T16:26:20","modified_gmt":"2025-11-20T15:26:20","slug":"balises-nivoses-meteo-france-des-pyrenees-corse","status":"publish","type":"page","link":"https:\/\/www.montania-sport.com\/blog\/balises-nivoses-meteo-france-des-pyrenees-corse\/","title":{"rendered":"Balises Niv\u00f4ses M\u00e9t\u00e9o France des Pyr\u00e9n\u00e9es \/ Corse"},"content":{"rendered":"\n<p>Les balises Niv\u00f4ses de M\u00e9t\u00e9o France sont une vraie mine d&rsquo;informations pour celui prend le temps d&rsquo;analyser les donn\u00e9es qu&rsquo;elles partagent, de mani\u00e8re r\u00e9guli\u00e8re : hauteur de neige, temp\u00e9rature, vent, tendance de fonte&#8230;Voici quelques balises Niv\u00f4ses M\u00e9teo France des Pyr\u00e9n\u00e9es et de la Corse.<\/p>\n\n\n\n<figure class=\"wp-block-image aligncenter size-full is-resized\"><a href=\"https:\/\/www.montania-sport.com\/blog\/wp-content\/uploads\/2023\/04\/cropped-logo-avis-rond-250-2021.png\"><img fetchpriority=\"high\" decoding=\"async\" width=\"250\" height=\"250\" src=\"https:\/\/www.montania-sport.com\/blog\/wp-content\/uploads\/2023\/04\/cropped-logo-avis-rond-250-2021.png\" alt=\"logo-avis-montania-sport\" class=\"wp-image-31483\" style=\"width:188px;height:188px\" srcset=\"https:\/\/www.montania-sport.com\/blog\/wp-content\/uploads\/2023\/04\/cropped-logo-avis-rond-250-2021.png 250w, https:\/\/www.montania-sport.com\/blog\/wp-content\/uploads\/2023\/04\/cropped-logo-avis-rond-250-2021-150x150.png 150w, https:\/\/www.montania-sport.com\/blog\/wp-content\/uploads\/2023\/04\/cropped-logo-avis-rond-250-2021-221x221.png 221w\" sizes=\"(max-width: 250px) 100vw, 250px\" \/><\/a><\/figure>\n\n\n\n<h2 class=\"wp-block-heading\">Qu&rsquo;est ce qu&rsquo;une balise Niv\u00f4se ?<\/h2>\n\n\n\n<p>Les balises Niv\u00f4ses sont des stations automatiques g\u00e9r\u00e9es par M\u00e9t\u00e9o France et plac\u00e9es dans des endroits strat\u00e9giques des Alpes. Ces dispositifs sont con\u00e7us pour fournir des donn\u00e9es m\u00e9t\u00e9orologiques pr\u00e9cises :<\/p>\n\n\n\n<figure class=\"wp-block-image aligncenter size-full\"><a href=\"https:\/\/www.montania-sport.com\/blog\/wp-content\/uploads\/2024\/11\/balise-nivose.jpeg\"><img decoding=\"async\" width=\"248\" height=\"204\" src=\"https:\/\/www.montania-sport.com\/blog\/wp-content\/uploads\/2024\/11\/balise-nivose.jpeg\" alt=\"\" class=\"wp-image-36265\"\/><\/a><\/figure>\n\n\n\n<ol class=\"wp-block-list\">\n<li><strong>L&rsquo;\u00e9paisseur du manteau neigeux<\/strong> : En mesurant la hauteur de neige, ces balises aident \u00e0 mieux comprendre l&rsquo;\u00e9volution des accumulations de neige.<\/li>\n\n\n\n<li><strong>La temp\u00e9rature<\/strong> : La variation des temp\u00e9ratures influence la stabilit\u00e9 du manteau neigeux et le risque d&rsquo;avalanche.<\/li>\n\n\n\n<li><strong>La vitesse et la direction du vent<\/strong> : Le vent joue un r\u00f4le cl\u00e9 dans le transport de la neige et la formation des plaques \u00e0 vent, responsables de nombreux accidents.<\/li>\n<\/ol>\n\n\n\n<h2 class=\"wp-block-heading\">1-Balise Niv\u00f4se d&rsquo;Aiguillettes<\/h2>\n\n\n\n<p>La balise Niv\u00f4se d&rsquo;Aiguillettes (2120m) nous renseigne efficacement sur l&rsquo;enneigement en Haute-Bigorre.<\/p>\n\n\n\n<p class=\"has-text-align-center\"><img decoding=\"async\" width=\"500px\" src=\"http:\/\/rpcache-aa.meteofrance.com\/internet2018client\/2.0\/files\/mountain\/observations\/AIGTES.gif\" alt=\"image \"\/><\/p>\n\n\n\n<hr class=\"wp-block-separator has-alpha-channel-opacity\"\/>\n\n\n\n<h2 class=\"wp-block-heading\">2-Balise Niv\u00f4se d&rsquo;Hospitalet<\/h2>\n\n\n\n<p>La balise Niv\u00f4se d&rsquo;Hospitalet (2293m) nous renseigne efficacement sur l&rsquo;enneigement en Haute-Ari\u00e8ge.<\/p>\n\n\n\n<p class=\"has-text-align-center\"><img decoding=\"async\" width=\"500px\" src=\"http:\/\/rpcache-aa.meteofrance.com\/internet2018client\/2.0\/files\/mountain\/observations\/HOSPIS.gif\" alt=\"image \"\/><\/p>\n\n\n\n<hr class=\"wp-block-separator has-alpha-channel-opacity\"\/>\n\n\n\n<h2 class=\"wp-block-heading\">3-Balise Niv\u00f4se de Puigmal<\/h2>\n\n\n\n<p>La balise Niv\u00f4se de Puigmal (2467m) nous renseigne efficacement sur l&rsquo;enneigement en Cerdagne-Canigou.<\/p>\n\n\n\n<p class=\"has-text-align-center\"><img decoding=\"async\" width=\"500px\" src=\"http:\/\/rpcache-aa.meteofrance.com\/internet2018client\/2.0\/files\/mountain\/observations\/PUIGNS.gif\" alt=\"image \"\/><\/p>\n\n\n\n<hr class=\"wp-block-separator has-alpha-channel-opacity\"\/>\n\n\n\n<h2 class=\"wp-block-heading\">4-Balise Niv\u00f4se du Canigou<\/h2>\n\n\n\n<p>La balise Niv\u00f4se du Canigou (2150m) nous renseigne efficacement sur l&rsquo;enneigement dans le massif du Canigou.<\/p>\n\n\n\n<p class=\"has-text-align-center\"><img decoding=\"async\" width=\"500px\" src=\"http:\/\/rpcache-aa.meteofrance.com\/internet2018client\/2.0\/files\/mountain\/observations\/CANIGS.gif\" alt=\"image \"\/><\/p>\n\n\n\n<hr class=\"wp-block-separator has-alpha-channel-opacity\"\/>\n\n\n\n<h2 class=\"wp-block-heading\">5-Balise Niv\u00f4se de Maniccia (CORSE)<\/h2>\n\n\n\n<p>La balise Niv\u00f4se de Maniccia (2360m) nous renseigne efficacement sur l&rsquo;enneigement dans le massif du Cinto Rotondo.<\/p>\n\n\n\n<p class=\"has-text-align-center\"><img decoding=\"async\" width=\"500px\" src=\"http:\/\/rpcache-aa.meteofrance.com\/internet2018client\/2.0\/files\/mountain\/observations\/MANICS.gif\" alt=\"image \"\/><\/p>\n\n\n\n<hr class=\"wp-block-separator has-alpha-channel-opacity\"\/>\n\n\n\n<p>Retrouvez la page d\u00e9di\u00e9e aux balises Niv\u00f4ses des Alpes juste ici : <a href=\"https:\/\/www.montania-sport.com\/blog\/balises-nivoses-meteo-france-des-alpes\/\" target=\"_blank\" rel=\"noreferrer noopener\">https:\/\/www.montania-sport.com\/blog\/balises-nivoses-meteo-france-des-alpes\/<\/a><\/p>\n\n\n\n<p>\u27a1\ufe0f Consultez \u00e9galement notre checklist ski de rando compl\u00e8te, pour ne rien oublier lors de vos prochaines sorties :\u00a0<a href=\"https:\/\/www.montania-sport.com\/blog\/checklist-ski-de-randonnee-tout-le-materiel-indispensable-pour-vos-sorties\/\" target=\"_blank\" rel=\"noreferrer noopener\">https:\/\/www.montania-sport.com\/blog\/checklist-ski-de-randonnee-tout-le-materiel-indispensable-pour-vos-sorties\/<\/a><\/p>\n\n\n\n<hr class=\"wp-block-separator has-alpha-channel-opacity\"\/>\n\n\n\n<h2 class=\"wp-block-heading\">Montania Sport, sp\u00e9cialiste du ski de rando depuis 20 ans<\/h2>\n\n\n\n<figure class=\"wp-block-image aligncenter size-full is-resized\"><a href=\"https:\/\/www.montania-sport.com\/blog\/wp-content\/uploads\/2023\/04\/cropped-logo-avis-rond-250-2021.png\"><img fetchpriority=\"high\" decoding=\"async\" width=\"250\" height=\"250\" src=\"https:\/\/www.montania-sport.com\/blog\/wp-content\/uploads\/2023\/04\/cropped-logo-avis-rond-250-2021.png\" alt=\"logo-avis-montania-sport\" class=\"wp-image-31483\" style=\"width:188px;height:188px\" srcset=\"https:\/\/www.montania-sport.com\/blog\/wp-content\/uploads\/2023\/04\/cropped-logo-avis-rond-250-2021.png 250w, https:\/\/www.montania-sport.com\/blog\/wp-content\/uploads\/2023\/04\/cropped-logo-avis-rond-250-2021-150x150.png 150w, https:\/\/www.montania-sport.com\/blog\/wp-content\/uploads\/2023\/04\/cropped-logo-avis-rond-250-2021-221x221.png 221w\" sizes=\"(max-width: 250px) 100vw, 250px\" \/><\/a><\/figure>\n\n\n\n<p>Sp\u00e9cialiste du ski de randonn\u00e9e depuis 20 ans, Montania Sport propose un large choix de mat\u00e9riel, v\u00eatements et accessoires de ski de rando pour vivre pleinement votre passion de la montagne. Une \u00e9quipe de passionn\u00e9s vous accompagne avec des conseils d&rsquo;experts adapt\u00e9s \u00e0 vos besoins et \u00e0 votre niveau.<\/p>\n\n\n\n<p>\u27a1\ufe0f Si la question de l&rsquo;\u00e9quipement en ski de rando se pose encore chez vous, vous pouvez consulter notre espace ski de rando ici : <a href=\"https:\/\/www.montania-sport.com\/7051-espace-ski-de-randonnee-chambery-packs-chaussures-dva-airbag\" target=\"_blank\" rel=\"noreferrer noopener\">https:\/\/www.montania-sport.com\/7051-espace-ski-de-randonnee-chambery-packs-chaussures-dva-airbag<\/a><\/p>\n\n\n\n<hr class=\"wp-block-separator has-alpha-channel-opacity\"\/>\n\n\n\n<p>\u00c0 tr\u00e8s vite en magasin ou sur les skis !<\/p>\n\n\n\n<p>Hugo<\/p>\n","protected":false},"excerpt":{"rendered":"<p>Les balises Niv\u00f4ses de M\u00e9t\u00e9o France sont une vraie mine d&rsquo;informations pour celui prend le temps d&rsquo;analyser les donn\u00e9es qu&rsquo;elles partagent, de mani\u00e8re r\u00e9guli\u00e8re : hauteur de neige, temp\u00e9rature, vent, tendance de fonte&#8230;Voici quelques balises Niv\u00f4ses M\u00e9teo France des Pyr\u00e9n\u00e9es et de la Corse. Qu&rsquo;est ce qu&rsquo;une balise Niv\u00f4se ? Les balises Niv\u00f4ses sont des &hellip;<\/p>\n<p class=\"read-more\"> <a class=\"\" href=\"https:\/\/www.montania-sport.com\/blog\/balises-nivoses-meteo-france-des-pyrenees-corse\/\"> <span class=\"screen-reader-text\">Balises Niv\u00f4ses M\u00e9t\u00e9o France des Pyr\u00e9n\u00e9es \/ Corse<\/span> Lire la suite\u00a0\u00bb<\/a><\/p>\n","protected":false},"author":16,"featured_media":36280,"parent":0,"menu_order":0,"comment_status":"closed","ping_status":"closed","template":"","meta":{"site-sidebar-layout":"default","site-content-layout":"default","ast-global-header-display":"","ast-main-header-display":"","ast-hfb-above-header-display":"","ast-hfb-below-header-display":"","ast-hfb-mobile-header-display":"","site-post-title":"","ast-breadcrumbs-content":"","ast-featured-img":"","footer-sml-layout":"","theme-transparent-header-meta":"","adv-header-id-meta":"","stick-header-meta":"","header-above-stick-meta":"","header-main-stick-meta":"","header-below-stick-meta":"","footnotes":""},"class_list":["post-36061","page","type-page","status-publish","has-post-thumbnail","hentry"],"yoast_head":"<!-- This site is optimized with the Yoast SEO plugin v24.4 - https:\/\/yoast.com\/wordpress\/plugins\/seo\/ -->\n<title>Balises Niv\u00f4ses M\u00e9t\u00e9o France des Pyr\u00e9n\u00e9es \/ Corse - Blog Montania Sport<\/title>\n<meta name=\"description\" content=\"Les balises Niv\u00f4ses sont une mine d&#039;informations : hauteur de neige, vent...Voici balises Niv\u00f4ses M\u00e9teo France des Pyr\u00e9n\u00e9es et de la Corse -&gt;\" \/>\n<meta name=\"robots\" content=\"index, follow, max-snippet:-1, max-image-preview:large, max-video-preview:-1\" \/>\n<link rel=\"canonical\" href=\"https:\/\/www.montania-sport.com\/blog\/balises-nivoses-meteo-france-des-pyrenees-corse\/\" \/>\n<meta property=\"og:locale\" content=\"fr_FR\" \/>\n<meta property=\"og:type\" content=\"article\" \/>\n<meta property=\"og:title\" content=\"Balises Niv\u00f4ses M\u00e9t\u00e9o France des Pyr\u00e9n\u00e9es \/ Corse - Blog Montania Sport\" \/>\n<meta property=\"og:description\" content=\"Les balises Niv\u00f4ses sont une mine d&#039;informations : hauteur de neige, vent...Voici balises Niv\u00f4ses M\u00e9teo France des Pyr\u00e9n\u00e9es et de la Corse -&gt;\" \/>\n<meta property=\"og:url\" content=\"https:\/\/www.montania-sport.com\/blog\/balises-nivoses-meteo-france-des-pyrenees-corse\/\" \/>\n<meta property=\"og:site_name\" content=\"Blog Montania Sport\" \/>\n<meta property=\"article:publisher\" content=\"https:\/\/www.facebook.com\/Montania.Sport\" \/>\n<meta property=\"article:modified_time\" content=\"2025-11-20T15:26:20+00:00\" \/>\n<meta property=\"og:image\" content=\"https:\/\/www.montania-sport.com\/blog\/wp-content\/uploads\/2024\/11\/pic-du-midi-de-bigorre-dans-les-pyrenees.jpeg\" \/>\n\t<meta property=\"og:image:width\" content=\"1890\" \/>\n\t<meta property=\"og:image:height\" content=\"1417\" \/>\n\t<meta property=\"og:image:type\" content=\"image\/jpeg\" \/>\n<meta name=\"twitter:card\" content=\"summary_large_image\" \/>\n<meta name=\"twitter:site\" content=\"@MontaniaSport\" \/>\n<meta name=\"twitter:label1\" content=\"Dur\u00e9e de lecture estim\u00e9e\" \/>\n\t<meta name=\"twitter:data1\" content=\"4 minutes\" \/>\n<script type=\"application\/ld+json\" class=\"yoast-schema-graph\">{\"@context\":\"https:\/\/schema.org\",\"@graph\":[{\"@type\":\"WebPage\",\"@id\":\"https:\/\/www.montania-sport.com\/blog\/balises-nivoses-meteo-france-des-pyrenees-corse\/\",\"url\":\"https:\/\/www.montania-sport.com\/blog\/balises-nivoses-meteo-france-des-pyrenees-corse\/\",\"name\":\"Balises Niv\u00f4ses M\u00e9t\u00e9o France des Pyr\u00e9n\u00e9es \/ Corse - Blog Montania Sport\",\"isPartOf\":{\"@id\":\"https:\/\/www.montania-sport.com\/blog\/#website\"},\"primaryImageOfPage\":{\"@id\":\"https:\/\/www.montania-sport.com\/blog\/balises-nivoses-meteo-france-des-pyrenees-corse\/#primaryimage\"},\"image\":{\"@id\":\"https:\/\/www.montania-sport.com\/blog\/balises-nivoses-meteo-france-des-pyrenees-corse\/#primaryimage\"},\"thumbnailUrl\":\"https:\/\/www.montania-sport.com\/blog\/wp-content\/uploads\/2024\/11\/pic-du-midi-de-bigorre-dans-les-pyrenees.jpeg\",\"datePublished\":\"2024-11-19T16:20:21+00:00\",\"dateModified\":\"2025-11-20T15:26:20+00:00\",\"description\":\"Les balises Niv\u00f4ses sont une mine d'informations : hauteur de neige, vent...Voici balises Niv\u00f4ses M\u00e9teo France des Pyr\u00e9n\u00e9es et de la Corse ->\",\"breadcrumb\":{\"@id\":\"https:\/\/www.montania-sport.com\/blog\/balises-nivoses-meteo-france-des-pyrenees-corse\/#breadcrumb\"},\"inLanguage\":\"fr-FR\",\"potentialAction\":[{\"@type\":\"ReadAction\",\"target\":[\"https:\/\/www.montania-sport.com\/blog\/balises-nivoses-meteo-france-des-pyrenees-corse\/\"]}]},{\"@type\":\"ImageObject\",\"inLanguage\":\"fr-FR\",\"@id\":\"https:\/\/www.montania-sport.com\/blog\/balises-nivoses-meteo-france-des-pyrenees-corse\/#primaryimage\",\"url\":\"https:\/\/www.montania-sport.com\/blog\/wp-content\/uploads\/2024\/11\/pic-du-midi-de-bigorre-dans-les-pyrenees.jpeg\",\"contentUrl\":\"https:\/\/www.montania-sport.com\/blog\/wp-content\/uploads\/2024\/11\/pic-du-midi-de-bigorre-dans-les-pyrenees.jpeg\",\"width\":1890,\"height\":1417,\"caption\":\"Pic du Midi de Bigorre, dans les Pyr\u00e9n\u00e9es\"},{\"@type\":\"BreadcrumbList\",\"@id\":\"https:\/\/www.montania-sport.com\/blog\/balises-nivoses-meteo-france-des-pyrenees-corse\/#breadcrumb\",\"itemListElement\":[{\"@type\":\"ListItem\",\"position\":1,\"name\":\"Accueil\",\"item\":\"https:\/\/www.montania-sport.com\/blog\/\"},{\"@type\":\"ListItem\",\"position\":2,\"name\":\"Balises Niv\u00f4ses M\u00e9t\u00e9o France des Pyr\u00e9n\u00e9es \/ Corse\"}]},{\"@type\":\"WebSite\",\"@id\":\"https:\/\/www.montania-sport.com\/blog\/#website\",\"url\":\"https:\/\/www.montania-sport.com\/blog\/\",\"name\":\"Blog Montania Sport\",\"description\":\"Blog Montania Sport\",\"publisher\":{\"@id\":\"https:\/\/www.montania-sport.com\/blog\/#organization\"},\"potentialAction\":[{\"@type\":\"SearchAction\",\"target\":{\"@type\":\"EntryPoint\",\"urlTemplate\":\"https:\/\/www.montania-sport.com\/blog\/?s={search_term_string}\"},\"query-input\":{\"@type\":\"PropertyValueSpecification\",\"valueRequired\":true,\"valueName\":\"search_term_string\"}}],\"inLanguage\":\"fr-FR\"},{\"@type\":\"Organization\",\"@id\":\"https:\/\/www.montania-sport.com\/blog\/#organization\",\"name\":\"Montania Sport\",\"url\":\"https:\/\/www.montania-sport.com\/blog\/\",\"logo\":{\"@type\":\"ImageObject\",\"inLanguage\":\"fr-FR\",\"@id\":\"https:\/\/www.montania-sport.com\/blog\/#\/schema\/logo\/image\/\",\"url\":\"https:\/\/www.montania-sport.com\/blog\/wp-content\/uploads\/2023\/04\/cropped-Logo-BLOG-2023-1200.png\",\"contentUrl\":\"https:\/\/www.montania-sport.com\/blog\/wp-content\/uploads\/2023\/04\/cropped-Logo-BLOG-2023-1200.png\",\"width\":1200,\"height\":645,\"caption\":\"Montania Sport\"},\"image\":{\"@id\":\"https:\/\/www.montania-sport.com\/blog\/#\/schema\/logo\/image\/\"},\"sameAs\":[\"https:\/\/www.facebook.com\/Montania.Sport\",\"https:\/\/x.com\/MontaniaSport\",\"https:\/\/www.instagram.com\/montania_sport\"]}]}<\/script>\n<!-- \/ Yoast SEO plugin. -->","yoast_head_json":{"title":"Balises Niv\u00f4ses M\u00e9t\u00e9o France des Pyr\u00e9n\u00e9es \/ Corse - Blog Montania Sport","description":"Les balises Niv\u00f4ses sont une mine d'informations : hauteur de neige, vent...Voici balises Niv\u00f4ses M\u00e9teo France des Pyr\u00e9n\u00e9es et de la Corse ->","robots":{"index":"index","follow":"follow","max-snippet":"max-snippet:-1","max-image-preview":"max-image-preview:large","max-video-preview":"max-video-preview:-1"},"canonical":"https:\/\/www.montania-sport.com\/blog\/balises-nivoses-meteo-france-des-pyrenees-corse\/","og_locale":"fr_FR","og_type":"article","og_title":"Balises Niv\u00f4ses M\u00e9t\u00e9o France des Pyr\u00e9n\u00e9es \/ Corse - Blog Montania Sport","og_description":"Les balises Niv\u00f4ses sont une mine d'informations : hauteur de neige, vent...Voici balises Niv\u00f4ses M\u00e9teo France des Pyr\u00e9n\u00e9es et de la Corse ->","og_url":"https:\/\/www.montania-sport.com\/blog\/balises-nivoses-meteo-france-des-pyrenees-corse\/","og_site_name":"Blog Montania Sport","article_publisher":"https:\/\/www.facebook.com\/Montania.Sport","article_modified_time":"2025-11-20T15:26:20+00:00","og_image":[{"width":1890,"height":1417,"url":"https:\/\/www.montania-sport.com\/blog\/wp-content\/uploads\/2024\/11\/pic-du-midi-de-bigorre-dans-les-pyrenees.jpeg","type":"image\/jpeg"}],"twitter_card":"summary_large_image","twitter_site":"@MontaniaSport","twitter_misc":{"Dur\u00e9e de lecture estim\u00e9e":"4 minutes"},"schema":{"@context":"https:\/\/schema.org","@graph":[{"@type":"WebPage","@id":"https:\/\/www.montania-sport.com\/blog\/balises-nivoses-meteo-france-des-pyrenees-corse\/","url":"https:\/\/www.montania-sport.com\/blog\/balises-nivoses-meteo-france-des-pyrenees-corse\/","name":"Balises Niv\u00f4ses M\u00e9t\u00e9o France des Pyr\u00e9n\u00e9es \/ Corse - Blog Montania Sport","isPartOf":{"@id":"https:\/\/www.montania-sport.com\/blog\/#website"},"primaryImageOfPage":{"@id":"https:\/\/www.montania-sport.com\/blog\/balises-nivoses-meteo-france-des-pyrenees-corse\/#primaryimage"},"image":{"@id":"https:\/\/www.montania-sport.com\/blog\/balises-nivoses-meteo-france-des-pyrenees-corse\/#primaryimage"},"thumbnailUrl":"https:\/\/www.montania-sport.com\/blog\/wp-content\/uploads\/2024\/11\/pic-du-midi-de-bigorre-dans-les-pyrenees.jpeg","datePublished":"2024-11-19T16:20:21+00:00","dateModified":"2025-11-20T15:26:20+00:00","description":"Les balises Niv\u00f4ses sont une mine d'informations : hauteur de neige, vent...Voici balises Niv\u00f4ses M\u00e9teo France des Pyr\u00e9n\u00e9es et de la Corse ->","breadcrumb":{"@id":"https:\/\/www.montania-sport.com\/blog\/balises-nivoses-meteo-france-des-pyrenees-corse\/#breadcrumb"},"inLanguage":"fr-FR","potentialAction":[{"@type":"ReadAction","target":["https:\/\/www.montania-sport.com\/blog\/balises-nivoses-meteo-france-des-pyrenees-corse\/"]}]},{"@type":"ImageObject","inLanguage":"fr-FR","@id":"https:\/\/www.montania-sport.com\/blog\/balises-nivoses-meteo-france-des-pyrenees-corse\/#primaryimage","url":"https:\/\/www.montania-sport.com\/blog\/wp-content\/uploads\/2024\/11\/pic-du-midi-de-bigorre-dans-les-pyrenees.jpeg","contentUrl":"https:\/\/www.montania-sport.com\/blog\/wp-content\/uploads\/2024\/11\/pic-du-midi-de-bigorre-dans-les-pyrenees.jpeg","width":1890,"height":1417,"caption":"Pic du Midi de Bigorre, dans les Pyr\u00e9n\u00e9es"},{"@type":"BreadcrumbList","@id":"https:\/\/www.montania-sport.com\/blog\/balises-nivoses-meteo-france-des-pyrenees-corse\/#breadcrumb","itemListElement":[{"@type":"ListItem","position":1,"name":"Accueil","item":"https:\/\/www.montania-sport.com\/blog\/"},{"@type":"ListItem","position":2,"name":"Balises Niv\u00f4ses M\u00e9t\u00e9o France des Pyr\u00e9n\u00e9es \/ Corse"}]},{"@type":"WebSite","@id":"https:\/\/www.montania-sport.com\/blog\/#website","url":"https:\/\/www.montania-sport.com\/blog\/","name":"Blog Montania Sport","description":"Blog Montania Sport","publisher":{"@id":"https:\/\/www.montania-sport.com\/blog\/#organization"},"potentialAction":[{"@type":"SearchAction","target":{"@type":"EntryPoint","urlTemplate":"https:\/\/www.montania-sport.com\/blog\/?s={search_term_string}"},"query-input":{"@type":"PropertyValueSpecification","valueRequired":true,"valueName":"search_term_string"}}],"inLanguage":"fr-FR"},{"@type":"Organization","@id":"https:\/\/www.montania-sport.com\/blog\/#organization","name":"Montania Sport","url":"https:\/\/www.montania-sport.com\/blog\/","logo":{"@type":"ImageObject","inLanguage":"fr-FR","@id":"https:\/\/www.montania-sport.com\/blog\/#\/schema\/logo\/image\/","url":"https:\/\/www.montania-sport.com\/blog\/wp-content\/uploads\/2023\/04\/cropped-Logo-BLOG-2023-1200.png","contentUrl":"https:\/\/www.montania-sport.com\/blog\/wp-content\/uploads\/2023\/04\/cropped-Logo-BLOG-2023-1200.png","width":1200,"height":645,"caption":"Montania Sport"},"image":{"@id":"https:\/\/www.montania-sport.com\/blog\/#\/schema\/logo\/image\/"},"sameAs":["https:\/\/www.facebook.com\/Montania.Sport","https:\/\/x.com\/MontaniaSport","https:\/\/www.instagram.com\/montania_sport"]}]}},"jetpack_sharing_enabled":true,"jetpack-related-posts":[],"_links":{"self":[{"href":"https:\/\/www.montania-sport.com\/blog\/wp-json\/wp\/v2\/pages\/36061","targetHints":{"allow":["GET"]}}],"collection":[{"href":"https:\/\/www.montania-sport.com\/blog\/wp-json\/wp\/v2\/pages"}],"about":[{"href":"https:\/\/www.montania-sport.com\/blog\/wp-json\/wp\/v2\/types\/page"}],"author":[{"embeddable":true,"href":"https:\/\/www.montania-sport.com\/blog\/wp-json\/wp\/v2\/users\/16"}],"replies":[{"embeddable":true,"href":"https:\/\/www.montania-sport.com\/blog\/wp-json\/wp\/v2\/comments?post=36061"}],"version-history":[{"count":18,"href":"https:\/\/www.montania-sport.com\/blog\/wp-json\/wp\/v2\/pages\/36061\/revisions"}],"predecessor-version":[{"id":40367,"href":"https:\/\/www.montania-sport.com\/blog\/wp-json\/wp\/v2\/pages\/36061\/revisions\/40367"}],"wp:featuredmedia":[{"embeddable":true,"href":"https:\/\/www.montania-sport.com\/blog\/wp-json\/wp\/v2\/media\/36280"}],"wp:attachment":[{"href":"https:\/\/www.montania-sport.com\/blog\/wp-json\/wp\/v2\/media?parent=36061"}],"curies":[{"name":"wp","href":"https:\/\/api.w.org\/{rel}","templated":true}]}}